{"id":554,"date":"2024-04-08T09:00:00","date_gmt":"2024-04-08T07:00:00","guid":{"rendered":"https:\/\/urbanisme.pia.fr\/?page_id=554"},"modified":"2025-04-09T15:15:38","modified_gmt":"2025-04-09T13:15:38","slug":"preservation-de-la-ressource-en-eau","status":"publish","type":"page","link":"https:\/\/urbanisme.pia.fr\/index.php\/preservation-de-la-ressource-en-eau\/","title":{"rendered":"Pr\u00e9servation de la ressource en eau"},"content":{"rendered":"\n<div class=\"wp-block-columns is-layout-flex wp-container-core-columns-is-layout-28f84493 wp-block-columns-is-layout-flex\">\n<div class=\"wp-block-column is-vertically-aligned-center is-layout-flow wp-block-column-is-layout-flow\">\n<p><img decoding=\"async\" class=\"aligncenter wp-image-1353 size-thumbnail\" src=\"https:\/\/urbanisme.pia.fr\/wp-content\/uploads\/2024\/04\/PREF_Pyrenees_orientales_CMJN-150x150.jpg\" alt=\"\" width=\"150\" height=\"150\" \/><\/p>\n<\/div>\n\n\n\n<div class=\"wp-block-column is-vertically-aligned-center is-layout-flow wp-block-column-is-layout-flow\">\n<p><a href=\"http:\/\/propluvia.developpement-durable.gouv.fr\/propluvia\/faces\/public\/carteDep.jsp\" target=\"_blank\" rel=\"noopener\"><img fetchpriority=\"high\" decoding=\"async\" class=\"aligncenter wp-image-571\" src=\"https:\/\/urbanisme.pia.fr\/wp-content\/uploads\/2023\/02\/logo_propluvia_minialerte.png\" alt=\"\" width=\"564\" height=\"300\" \/><\/a><\/p>\n<\/div>\n<\/div>\n\n\n<p>L&rsquo;\u00e9tat des ressources en eau du d\u00e9partement fait l&rsquo;objet d&rsquo;un <a href=\"https:\/\/urbanisme.pia.fr\/wp-content\/uploads\/2025\/04\/20250401-Suivi-de-la-secheresse.pdf\" target=\"_blank\" rel=\"noopener\">suivi<\/a> constant par l&rsquo;ensemble des partenaires impliqu\u00e9s dans sa gestion : Services de l&rsquo;Etat, Collectivit\u00e9s, usagers et experts.<\/p>\n<p>A l&rsquo;heure actuelle, les pr\u00e9cipitations ne permettent pas une recharge significative des nappes phr\u00e9atiques. Elles demeurent donc dans un \u00e9tat critique.<\/p>\n<p>Afin de pr\u00e9server la ressource en eau pour assurer les besoins des secteurs utilisateurs dans les mois \u00e0 venir, la Pr\u00e9fecture a \u00e9mis un nouvel arr\u00eat\u00e9 portant mise en place de mesures de restrictions provisoires des usages de l&rsquo;eau. Ce dernier est applicable jusqu&rsquo;au 30 avril 2025 inclus.<\/p>\n<hr \/>\n<p class=\" text-justify\"><b>Le d\u00e9partement des Pyr\u00e9n\u00e9es-Orientales est le seul d\u00e9partement fran\u00e7ais \u00e0 avoir connu un \u00e9pisode de s\u00e9cheresse aussi intense, aussi long et aussi important.<\/b><\/p>\n<p>Depuis le 15 juin 2022, des restrictions d&rsquo;usage de l&rsquo;eau sont en vigueur sans discontinuer.<\/p>\n\n\n<figure class=\"wp-block-image aligncenter size-large\"><a href=\"https:\/\/urbanisme.pia.fr\/wp-content\/uploads\/2025\/04\/20250409-Restrictions-depuis-2016-scaled.jpg\" target=\"_blank\" rel=\"noreferrer noopener\"><img decoding=\"async\" width=\"1024\" height=\"468\" src=\"https:\/\/urbanisme.pia.fr\/wp-content\/uploads\/2025\/04\/20250409-Restrictions-depuis-2016-1024x468.jpg\" alt=\"\" class=\"wp-image-1885\" srcset=\"https:\/\/urbanisme.pia.fr\/wp-content\/uploads\/2025\/04\/20250409-Restrictions-depuis-2016-1024x468.jpg 1024w, https:\/\/urbanisme.pia.fr\/wp-content\/uploads\/2025\/04\/20250409-Restrictions-depuis-2016-300x137.jpg 300w, https:\/\/urbanisme.pia.fr\/wp-content\/uploads\/2025\/04\/20250409-Restrictions-depuis-2016-768x351.jpg 768w, https:\/\/urbanisme.pia.fr\/wp-content\/uploads\/2025\/04\/20250409-Restrictions-depuis-2016-1536x701.jpg 1536w, https:\/\/urbanisme.pia.fr\/wp-content\/uploads\/2025\/04\/20250409-Restrictions-depuis-2016-2048x935.jpg 2048w\" sizes=\"(max-width: 1024px) 100vw, 1024px\" \/><\/a><\/figure>\n\n\n\n<div data-wp-interactive=\"core\/file\" class=\"wp-block-file\"><object data-wp-bind--hidden=\"!state.hasPdfPreview\" hidden class=\"wp-block-file__embed\" data=\"https:\/\/urbanisme.pia.fr\/wp-content\/uploads\/2025\/04\/20250326-Liste-des-communes.pdf\" type=\"application\/pdf\" style=\"width:100%;height:600px\" aria-label=\"Contenu embarqu\u00e9 20250326 - Liste des communes.\"><\/object><a id=\"wp-block-file--media-05fca743-4ff0-4dde-9b1d-7613a56f8109\" href=\"https:\/\/urbanisme.pia.fr\/wp-content\/uploads\/2025\/04\/20250326-Liste-des-communes.pdf\">20250326 &#8211; Liste des communes<\/a><a href=\"https:\/\/urbanisme.pia.fr\/wp-content\/uploads\/2025\/04\/20250326-Liste-des-communes.pdf\" class=\"wp-block-file__button wp-element-button\" download aria-describedby=\"wp-block-file--media-05fca743-4ff0-4dde-9b1d-7613a56f8109\">T\u00e9l\u00e9charger<\/a><\/div>\n\n\n<p><em>Tous les arr\u00eat\u00e9s sont consultables sur le site de la Pr\u00e9fecture des Pyr\u00e9n\u00e9es-Orientales : <a href=\"https:\/\/www.pyrenees-orientales.gouv.fr\/Actions-de-l-Etat\/Environnement-eau-risques-naturels-et-technologiques\/Eau-et-Peche\/Reglementation-de-l-Eau\/Secheresse\/Point-sur-la-situation-et-sur-les-restrictions-d-usages-de-l-eau\" target=\"_blank\" rel=\"noopener\">Mesures de restrictions sur l&rsquo;usage de la ressource en eau<\/a><\/em><\/p>\n<p>Dernier arr\u00eat\u00e9 publi\u00e9 :<\/p>\n\n\n<div data-wp-interactive=\"core\/file\" class=\"wp-block-file\"><object data-wp-bind--hidden=\"!state.hasPdfPreview\" hidden class=\"wp-block-file__embed\" data=\"https:\/\/urbanisme.pia.fr\/wp-content\/uploads\/2025\/04\/20250326-AP.pdf\" type=\"application\/pdf\" style=\"width:100%;height:600px\" aria-label=\"Contenu embarqu\u00e9 20250326 - AP.\"><\/object><a id=\"wp-block-file--media-240d1835-11b9-496d-a10b-9c7869dff420\" href=\"https:\/\/urbanisme.pia.fr\/wp-content\/uploads\/2025\/04\/20250326-AP.pdf\">20250326 &#8211; AP<\/a><a href=\"https:\/\/urbanisme.pia.fr\/wp-content\/uploads\/2025\/04\/20250326-AP.pdf\" class=\"wp-block-file__button wp-element-button\" download aria-describedby=\"wp-block-file--media-240d1835-11b9-496d-a10b-9c7869dff420\">T\u00e9l\u00e9charger<\/a><\/div>\n\n\n\n<div class=\"wp-block-columns is-layout-flex wp-container-core-columns-is-layout-28f84493 wp-block-columns-is-layout-flex\">\n<div class=\"wp-block-column is-vertically-aligned-center is-layout-flow wp-block-column-is-layout-flow\" style=\"flex-basis:50%\">\n<p><img loading=\"lazy\" decoding=\"async\" class=\"aligncenter wp-image-638\" src=\"https:\/\/urbanisme.pia.fr\/wp-content\/uploads\/2023\/02\/ATTENTION.png\" alt=\"\" width=\"150\" height=\"150\" srcset=\"https:\/\/urbanisme.pia.fr\/wp-content\/uploads\/2023\/02\/ATTENTION.png 225w, https:\/\/urbanisme.pia.fr\/wp-content\/uploads\/2023\/02\/ATTENTION-150x150.png 150w\" sizes=\"(max-width: 150px) 100vw, 150px\" \/><\/p>\n<\/div>\n\n\n\n<div class=\"wp-block-column is-vertically-aligned-center is-layout-flow wp-block-column-is-layout-flow\" style=\"flex-basis:50%\">\n<p><img loading=\"lazy\" decoding=\"async\" class=\"aligncenter wp-image-633\" src=\"https:\/\/urbanisme.pia.fr\/wp-content\/uploads\/2023\/02\/Preservons-leau.png\" alt=\"\" width=\"226\" height=\"150\" srcset=\"https:\/\/urbanisme.pia.fr\/wp-content\/uploads\/2023\/02\/Preservons-leau.png 1200w, https:\/\/urbanisme.pia.fr\/wp-content\/uploads\/2023\/02\/Preservons-leau-300x200.png 300w, https:\/\/urbanisme.pia.fr\/wp-content\/uploads\/2023\/02\/Preservons-leau-1024x681.png 1024w, https:\/\/urbanisme.pia.fr\/wp-content\/uploads\/2023\/02\/Preservons-leau-768x511.png 768w\" sizes=\"(max-width: 226px) 100vw, 226px\" \/><\/p>\n<\/div>\n<\/div>\n\n\n\n<div data-wp-interactive=\"core\/file\" class=\"wp-block-file\"><object data-wp-bind--hidden=\"!state.hasPdfPreview\" hidden class=\"wp-block-file__embed\" data=\"https:\/\/urbanisme.pia.fr\/wp-content\/uploads\/2025\/04\/20250326-Carte-Usages-generaux.pdf\" type=\"application\/pdf\" style=\"width:100%;height:600px\" aria-label=\"Contenu embarqu\u00e9 20250326 - Carte - Usages g\u00e9n\u00e9raux.\"><\/object><a id=\"wp-block-file--media-301602f6-4e9e-4b1f-b1ad-3bab91ae8781\" href=\"https:\/\/urbanisme.pia.fr\/wp-content\/uploads\/2025\/04\/20250326-Carte-Usages-generaux.pdf\">20250326 &#8211; Carte &#8211; Usages g\u00e9n\u00e9raux<\/a><a href=\"https:\/\/urbanisme.pia.fr\/wp-content\/uploads\/2025\/04\/20250326-Carte-Usages-generaux.pdf\" class=\"wp-block-file__button wp-element-button\" download aria-describedby=\"wp-block-file--media-301602f6-4e9e-4b1f-b1ad-3bab91ae8781\">T\u00e9l\u00e9charger<\/a><\/div>\n\n\n<p>La Commune de PIA est class\u00e9e au niveau \u00ab\u00a0CRISE\u00a0\u00bb pour la gestion de la s\u00e9cheresse.<\/p>\n<p>Voici une synth\u00e8se de l&rsquo;Arr\u00eat\u00e9 Pr\u00e9fectoral pour les communes en niveau \u00ab\u00a0CRISE\u00a0\u00bb<\/p>\n\n\n<div data-wp-interactive=\"core\/file\" class=\"wp-block-file\"><object data-wp-bind--hidden=\"!state.hasPdfPreview\" hidden class=\"wp-block-file__embed\" data=\"https:\/\/urbanisme.pia.fr\/wp-content\/uploads\/2025\/02\/20241029-Plaquette-CRISE.pdf\" type=\"application\/pdf\" style=\"width:100%;height:600px\" aria-label=\"Contenu embarqu\u00e9 20241029 - Plaquette CRISE.\"><\/object><a id=\"wp-block-file--media-a9a51abd-2906-44c9-a701-29e390984ebb\" href=\"https:\/\/urbanisme.pia.fr\/wp-content\/uploads\/2025\/02\/20241029-Plaquette-CRISE.pdf\">20241029 &#8211; Plaquette CRISE<\/a><a href=\"https:\/\/urbanisme.pia.fr\/wp-content\/uploads\/2025\/02\/20241029-Plaquette-CRISE.pdf\" class=\"wp-block-file__button wp-element-button\" download aria-describedby=\"wp-block-file--media-a9a51abd-2906-44c9-a701-29e390984ebb\">T\u00e9l\u00e9charger<\/a><\/div>\n\n\n\n<div class=\"wp-block-columns is-layout-flex wp-container-core-columns-is-layout-28f84493 wp-block-columns-is-layout-flex\">\n<div class=\"wp-block-column is-layout-flow wp-block-column-is-layout-flow\">\n<div data-wp-interactive=\"core\/file\" class=\"wp-block-file\"><object data-wp-bind--hidden=\"!state.hasPdfPreview\" hidden class=\"wp-block-file__embed\" data=\"https:\/\/urbanisme.pia.fr\/wp-content\/uploads\/2025\/04\/20250401-FAQ.pdf\" type=\"application\/pdf\" style=\"width:100%;height:600px\" aria-label=\"Contenu embarqu\u00e9 20250401 - FAQ.\"><\/object><a id=\"wp-block-file--media-15f8e229-883b-427e-9d51-ad5d26914352\" href=\"https:\/\/urbanisme.pia.fr\/wp-content\/uploads\/2025\/04\/20250401-FAQ.pdf\">20250401 &#8211; FAQ<\/a><a href=\"https:\/\/urbanisme.pia.fr\/wp-content\/uploads\/2025\/04\/20250401-FAQ.pdf\" class=\"wp-block-file__button wp-element-button\" download aria-describedby=\"wp-block-file--media-15f8e229-883b-427e-9d51-ad5d26914352\">T\u00e9l\u00e9charger<\/a><\/div>\n<\/div>\n\n\n\n<div class=\"wp-block-column is-vertically-aligned-center is-layout-flow wp-block-column-is-layout-flow\">\n<h4>Contact :<\/h4>\n<p>Apr\u00e8s consultation de la FAQ, pour des questions compl\u00e9mentaires, d\u00e9p\u00f4t de demande de d\u00e9rogation, d\u00e9p\u00f4t de chartes d&rsquo;engagement, contactez nos services \u00e0 cette adresse :<\/p>\n<p>Direction D\u00e9partementale des Territoires et de la Mer des Pyr\u00e9n\u00e9es-Orientales<br \/>T\u00e9l\u00e9phone : 04 68 38 12 34<br \/>Courriel : ddtm-secheresse@pyrenees-orientales.gouv.fr<\/p>\n<\/div>\n<\/div>\n\n\n\n<div class=\"wp-block-columns is-layout-flex wp-container-core-columns-is-layout-28f84493 wp-block-columns-is-layout-flex\">\n<div class=\"wp-block-column is-layout-flow wp-block-column-is-layout-flow\" style=\"flex-basis:66.66%\"><a href=\"https:\/\/urbanisme.pia.fr\/wp-content\/uploads\/2023\/05\/charte-dengagement-municipale.pdf\" class=\"pdfemb-viewer\" style=\"\" data-width=\"max\" data-height=\"max\" data-toolbar=\"bottom\" data-toolbar-fixed=\"off\">charte-dengagement-municipale<\/a><\/div>\n\n\n\n<div class=\"wp-block-column is-vertically-aligned-center is-layout-flow wp-block-column-is-layout-flow\" style=\"flex-basis:33.33%\">\n<p><img loading=\"lazy\" decoding=\"async\" class=\"aligncenter wp-image-1177\" src=\"https:\/\/urbanisme.pia.fr\/wp-content\/uploads\/2023\/06\/Logo-eau-secheresse.png\" alt=\"\" width=\"300\" height=\"274\" srcset=\"https:\/\/urbanisme.pia.fr\/wp-content\/uploads\/2023\/06\/Logo-eau-secheresse.png 2850w, https:\/\/urbanisme.pia.fr\/wp-content\/uploads\/2023\/06\/Logo-eau-secheresse-300x274.png 300w, https:\/\/urbanisme.pia.fr\/wp-content\/uploads\/2023\/06\/Logo-eau-secheresse-1024x935.png 1024w, https:\/\/urbanisme.pia.fr\/wp-content\/uploads\/2023\/06\/Logo-eau-secheresse-768x701.png 768w, https:\/\/urbanisme.pia.fr\/wp-content\/uploads\/2023\/06\/Logo-eau-secheresse-1536x1402.png 1536w, https:\/\/urbanisme.pia.fr\/wp-content\/uploads\/2023\/06\/Logo-eau-secheresse-2048x1870.png 2048w\" sizes=\"(max-width: 300px) 100vw, 300px\" \/><\/p>\n<\/p>\n<p>Par D\u00e9lib\u00e9ration du 24 avril 2023, <strong>le Conseil Municipal a approuv\u00e9 la Charte d&rsquo;Engagement \u00ab\u00a0Plan d&rsquo;action d&rsquo;urgence et de responsabilit\u00e9 face \u00e0 la s\u00e9cheresse\u00a0\u00bb<\/strong>.<\/p>\n<\/p>\n<p>Cette charte d&rsquo;engagement a \u00e9t\u00e9 \u00e9labor\u00e9 par l&rsquo;Etat, l&rsquo;Association des Maires de France, des Adjoints et l&rsquo;Intercommunalit\u00e9 des Pyr\u00e9n\u00e9es-Orientales.<\/p>\n<\/p>\n<p><img loading=\"lazy\" decoding=\"async\" class=\"aligncenter wp-image-1177\" src=\"https:\/\/urbanisme.pia.fr\/wp-content\/uploads\/2023\/06\/Logo-eau-secheresse.png\" alt=\"\" width=\"300\" height=\"274\" srcset=\"https:\/\/urbanisme.pia.fr\/wp-content\/uploads\/2023\/06\/Logo-eau-secheresse.png 2850w, https:\/\/urbanisme.pia.fr\/wp-content\/uploads\/2023\/06\/Logo-eau-secheresse-300x274.png 300w, https:\/\/urbanisme.pia.fr\/wp-content\/uploads\/2023\/06\/Logo-eau-secheresse-1024x935.png 1024w, https:\/\/urbanisme.pia.fr\/wp-content\/uploads\/2023\/06\/Logo-eau-secheresse-768x701.png 768w, https:\/\/urbanisme.pia.fr\/wp-content\/uploads\/2023\/06\/Logo-eau-secheresse-1536x1402.png 1536w, https:\/\/urbanisme.pia.fr\/wp-content\/uploads\/2023\/06\/Logo-eau-secheresse-2048x1870.png 2048w\" sizes=\"(max-width: 300px) 100vw, 300px\" \/><\/p>\n<\/div>\n<\/div>\n\n\n\n<hr class=\"wp-block-separator has-alpha-channel-opacity\"\/>\n\n\n\n<h2 class=\"wp-block-heading has-text-align-center\">Contacter le P\u00f4le \u00ab\u00a0URBANISME &amp; ENVIRONNEMENT\u00a0\u00bb<\/h2>\n\n\n\n<div class=\"wp-block-columns are-vertically-aligned-center is-layout-flex wp-container-core-columns-is-layout-28f84493 wp-block-columns-is-layout-flex\">\n<div class=\"wp-block-column is-vertically-aligned-center is-layout-flow wp-block-column-is-layout-flow\">\n<p><img loading=\"lazy\" decoding=\"async\" class=\"wp-image-242 aligncenter\" src=\"https:\/\/urbanisme.pia.fr\/wp-content\/uploads\/2023\/02\/Logo-sans-texte-1-300x200.jpg\" alt=\"\" width=\"150\" height=\"100\" srcset=\"https:\/\/urbanisme.pia.fr\/wp-content\/uploads\/2023\/02\/Logo-sans-texte-1-300x200.jpg 300w, https:\/\/urbanisme.pia.fr\/wp-content\/uploads\/2023\/02\/Logo-sans-texte-1-1024x683.jpg 1024w, https:\/\/urbanisme.pia.fr\/wp-content\/uploads\/2023\/02\/Logo-sans-texte-1-768x512.jpg 768w, https:\/\/urbanisme.pia.fr\/wp-content\/uploads\/2023\/02\/Logo-sans-texte-1.jpg 1200w\" sizes=\"(max-width: 150px) 100vw, 150px\" \/><\/p>\n<p style=\"text-align: center;\">18, Avenue du Mar\u00e9chal Joffre<br \/>66380 Pia<\/p>\n<p style=\"text-align: center;\">T\u00e9l. : 04 68 63 75 43<br \/>Mail : <a href=\"mailto:urbanisme@pia.fr\" target=\"_blank\" rel=\"noopener\">urbanisme@pia.fr<\/a><\/p>\n<\/div>\n\n\n\n<div class=\"wp-block-column is-vertically-aligned-center is-layout-flow wp-block-column-is-layout-flow\">\n<h5 style=\"text-align: center;\"><strong>Horaires d&rsquo;ouverture<br \/>\u00e0 l&rsquo;accueil du public :<\/strong><\/h5>\n<p style=\"text-align: center;\">Lundi : 8H30 &#8211; 12H30<br \/>Mardi : 8H30 &#8211; 12H30<br \/>Mercredi : 14H00 &#8211; 17H30<br \/>Jeudi : 8H30 &#8211; 12H30<br \/>Vendredi : 14H00 &#8211; 17H30<\/p>\n<\/div>\n\n\n\n<div class=\"wp-block-column is-vertically-aligned-center is-layout-flow wp-block-column-is-layout-flow\">\n<h5 style=\"text-align: center;\"><strong>Sur rendez-vous,<br \/><\/strong><strong>en fonction du projet :<\/strong><\/h5>\n<p style=\"text-align: center;\">Lundi : 16H00 &#8211; 17H30<br \/>Mardi : 09H00 &#8211; 12H00<br \/>Mercredi : 09H00 &#8211; 12H30<br \/>Vendredi : 09H00 &#8211; 12H00 et 14H00 &#8211; 17H30<\/p>\n\n\n\n<p style=\"text-align: center;\"><em>Les demandes de RDV sont \u00e0 formuler par mail.<\/em><\/p>\n<\/div>\n<\/div>\n","protected":false},"excerpt":{"rendered":"<p>L&rsquo;\u00e9tat des ressources en eau du d\u00e9partement fait l&rsquo;objet d&rsquo;un suivi constant par l&rsquo;ensemble des partenaires impliqu\u00e9s dans sa gestion : Services de l&rsquo;Etat, Collectivit\u00e9s, usagers et experts. A l&rsquo;heure actuelle, les pr\u00e9cipitations ne permettent pas une recharge significative des nappes phr\u00e9atiques. Elles demeurent donc dans un \u00e9tat critique. Afin de pr\u00e9server la ressource en [&hellip;]<\/p>\n","protected":false},"author":2,"featured_media":0,"parent":0,"menu_order":0,"comment_status":"closed","ping_status":"closed","template":"","meta":{"footnotes":""},"class_list":["post-554","page","type-page","status-publish","hentry"],"_links":{"self":[{"href":"https:\/\/urbanisme.pia.fr\/index.php\/wp-json\/wp\/v2\/pages\/554","targetHints":{"allow":["GET"]}}],"collection":[{"href":"https:\/\/urbanisme.pia.fr\/index.php\/wp-json\/wp\/v2\/pages"}],"about":[{"href":"https:\/\/urbanisme.pia.fr\/index.php\/wp-json\/wp\/v2\/types\/page"}],"author":[{"embeddable":true,"href":"https:\/\/urbanisme.pia.fr\/index.php\/wp-json\/wp\/v2\/users\/2"}],"replies":[{"embeddable":true,"href":"https:\/\/urbanisme.pia.fr\/index.php\/wp-json\/wp\/v2\/comments?post=554"}],"version-history":[{"count":71,"href":"https:\/\/urbanisme.pia.fr\/index.php\/wp-json\/wp\/v2\/pages\/554\/revisions"}],"predecessor-version":[{"id":1886,"href":"https:\/\/urbanisme.pia.fr\/index.php\/wp-json\/wp\/v2\/pages\/554\/revisions\/1886"}],"wp:attachment":[{"href":"https:\/\/urbanisme.pia.fr\/index.php\/wp-json\/wp\/v2\/media?parent=554"}],"curies":[{"name":"wp","href":"https:\/\/api.w.org\/{rel}","templated":true}]}}