{"id":1440,"date":"2024-05-03T17:21:54","date_gmt":"2024-05-03T15:21:54","guid":{"rendered":"https:\/\/urbanisme.pia.fr\/?page_id=1440"},"modified":"2025-04-02T15:39:35","modified_gmt":"2025-04-02T13:39:35","slug":"affichage-des-erp","status":"publish","type":"page","link":"https:\/\/urbanisme.pia.fr\/index.php\/affichage-des-erp\/","title":{"rendered":"Affichage des ERP"},"content":{"rendered":"<h2>Autorisations d&rsquo;ouverture d&rsquo;un \u00e9tablissement :<\/h2>\n<pre>\u00a0<\/pre>\n\n\n<ul class=\"wp-block-list\">\n<li>N\u00e9ant<\/li>\n<\/ul>\n\n\n<p><em style=\"color: #1e1e1e; font-family: Menlo, Consolas, monaco, monospace; font-size: 15px; white-space-collapse: preserve;\">Affichage r\u00e9alis\u00e9 durant 2 mois<\/em><\/p>\n\n\n<div class=\"wp-block-columns is-layout-flex wp-container-core-columns-is-layout-28f84493 wp-block-columns-is-layout-flex\">\n<div class=\"wp-block-column is-layout-flow wp-block-column-is-layout-flow\"><\/div>\n\n\n\n<div class=\"wp-block-column is-layout-flow wp-block-column-is-layout-flow\"><\/div>\n<\/div>\n\n\n\n<hr class=\"wp-block-separator has-alpha-channel-opacity\"\/>\n\n\n<h2>Interdiction d&rsquo;exploiter un \u00e9tablissement :<\/h2>\n<pre>\u00a0<\/pre>\n\n\n<ul class=\"wp-block-list\">\n<li>JARDINS DU MAS &#8211; AR_071_2024<\/li>\n<\/ul>\n\n\n<p><em style=\"color: #1e1e1e; font-family: Menlo, Consolas, monaco, monospace; font-size: 15px; white-space-collapse: preserve;\">Affichage r\u00e9alis\u00e9 jusqu&rsquo;\u00e0 r\u00e9gularisation (ou 1 an)<\/em><\/p>\n\n\n<div class=\"wp-block-columns is-layout-flex wp-container-core-columns-is-layout-28f84493 wp-block-columns-is-layout-flex\">\n<div class=\"wp-block-column is-layout-flow wp-block-column-is-layout-flow\"><a href=\"https:\/\/urbanisme.pia.fr\/wp-content\/uploads\/2024\/05\/20240502-Arrete-de-fermeture.pdf\" class=\"pdfemb-viewer\" style=\"\" data-width=\"max\" data-height=\"max\" data-toolbar=\"bottom\" data-toolbar-fixed=\"off\">20240502-Arrete-de-fermeture<\/a><\/div>\n\n\n\n<div class=\"wp-block-column is-layout-flow wp-block-column-is-layout-flow\"><\/div>\n<\/div>\n\n\n<h2>Etablissement autoris\u00e9 \u00e0 poursuivre son exploitation et \u00e0 accueillir du public :<\/h2>\n\n\n<ul class=\"wp-block-list\">\n<li>EHPAD \u00ab\u00a0LE RUBAN D&rsquo;ARGENT\u00a0\u00bb &#8211; Arr\u00eat\u00e9 du 22\/01\/2025<\/li>\n<\/ul>\n\n\n<p><em style=\"font-size: revert; color: initial;\">Affichage r\u00e9alis\u00e9 durant 2 mois<\/em><\/p>\n\n\n<div class=\"wp-block-columns is-layout-flex wp-container-core-columns-is-layout-28f84493 wp-block-columns-is-layout-flex\">\n<div class=\"wp-block-column is-layout-flow wp-block-column-is-layout-flow\"><a href=\"https:\/\/urbanisme.pia.fr\/wp-content\/uploads\/2025\/02\/20250122-Arrete-Poursuite-EHPAD.pdf\" class=\"pdfemb-viewer\" style=\"\" data-width=\"max\" data-height=\"max\" data-toolbar=\"bottom\" data-toolbar-fixed=\"off\">20250122-Arrete-Poursuite-EHPAD<\/a><\/div>\n\n\n\n<div class=\"wp-block-column is-layout-flow wp-block-column-is-layout-flow\"><\/div>\n<\/div>\n\n\n<h2>Etablissements autoris\u00e9s sur la commune de Pia :<\/h2>\n\n<p><em style=\"font-size: revert; color: initial;\">En cours d&rsquo;\u00e9laboration et de publication<\/em><\/p>\n\n<!-- PDF Embedder: Please provide an \"URL\" attribute in your shortcode. -->\n\n\n<hr class=\"wp-block-separator has-alpha-channel-opacity\"\/>\n\n\n\n<h2 class=\"wp-block-heading has-text-align-center\">Contacter le P\u00f4le \u00ab\u00a0URBANISME &amp; ENVIRONNEMENT\u00a0\u00bb<\/h2>\n\n\n\n<div class=\"wp-block-columns are-vertically-aligned-center is-layout-flex wp-container-core-columns-is-layout-28f84493 wp-block-columns-is-layout-flex\">\n<div class=\"wp-block-column is-vertically-aligned-center is-layout-flow wp-block-column-is-layout-flow\">\n<p><img decoding=\"async\" class=\"wp-image-242 aligncenter\" src=\"https:\/\/urbanisme.pia.fr\/wp-content\/uploads\/2023\/02\/Logo-sans-texte-1-300x200.jpg\" alt=\"\" width=\"150\" height=\"100\" srcset=\"https:\/\/urbanisme.pia.fr\/wp-content\/uploads\/2023\/02\/Logo-sans-texte-1-300x200.jpg 300w, https:\/\/urbanisme.pia.fr\/wp-content\/uploads\/2023\/02\/Logo-sans-texte-1-1024x683.jpg 1024w, https:\/\/urbanisme.pia.fr\/wp-content\/uploads\/2023\/02\/Logo-sans-texte-1-768x512.jpg 768w, https:\/\/urbanisme.pia.fr\/wp-content\/uploads\/2023\/02\/Logo-sans-texte-1.jpg 1200w\" sizes=\"(max-width: 150px) 100vw, 150px\" \/><\/p>\n<p style=\"text-align: center;\">18, Avenue du Mar\u00e9chal Joffre<br \/>66380 Pia<\/p>\n<p style=\"text-align: center;\">T\u00e9l. : 04 68 63 75 43<br \/>Mail : <a href=\"mailto:urbanisme@pia.fr\" target=\"_blank\" rel=\"noopener\">urbanisme@pia.fr<\/a><\/p>\n<\/div>\n\n\n\n<div class=\"wp-block-column is-vertically-aligned-center is-layout-flow wp-block-column-is-layout-flow\">\n<h5 style=\"text-align: center;\"><strong>Horaires d&rsquo;ouverture<br \/>\u00e0 l&rsquo;accueil du public :<\/strong><\/h5>\n<p style=\"text-align: center;\">Lundi : 8H30 &#8211; 12H30<br \/>Mardi : 8H30 &#8211; 12H30<br \/>Mercredi : 14H00 &#8211; 17H30<br \/>Jeudi : 8H30 &#8211; 12H30<br \/>Vendredi : 14H00 &#8211; 17H30<\/p>\n<\/div>\n\n\n\n<div class=\"wp-block-column is-vertically-aligned-center is-layout-flow wp-block-column-is-layout-flow\">\n<h5 style=\"text-align: center;\"><strong>Sur rendez-vous,<br \/><\/strong><strong>en fonction du projet :<\/strong><\/h5>\n<p style=\"text-align: center;\">Lundi : 16H00 &#8211; 17H30<br \/>Mardi : 09H00 &#8211; 12H00<br \/>Mercredi : 09H00 &#8211; 12H30<br \/>Vendredi : 09H00 &#8211; 12H00 et 14H00 &#8211; 17H30<\/p>\n\n\n\n<p style=\"text-align: center;\"><em>Les demandes de RDV sont \u00e0 formuler par mail.<\/em><\/p>\n<\/div>\n<\/div>\n","protected":false},"excerpt":{"rendered":"<p>Autorisations d&rsquo;ouverture d&rsquo;un \u00e9tablissement : \u00a0 Affichage r\u00e9alis\u00e9 durant 2 mois Interdiction d&rsquo;exploiter un \u00e9tablissement : \u00a0 Affichage r\u00e9alis\u00e9 jusqu&rsquo;\u00e0 r\u00e9gularisation (ou 1 an) Etablissement autoris\u00e9 \u00e0 poursuivre son exploitation et \u00e0 accueillir du public : Affichage r\u00e9alis\u00e9 durant 2 mois Etablissements autoris\u00e9s sur la commune de Pia : En cours d&rsquo;\u00e9laboration et de publication [&hellip;]<\/p>\n","protected":false},"author":2,"featured_media":0,"parent":0,"menu_order":0,"comment_status":"closed","ping_status":"closed","template":"","meta":{"footnotes":""},"class_list":["post-1440","page","type-page","status-publish","hentry"],"_links":{"self":[{"href":"https:\/\/urbanisme.pia.fr\/index.php\/wp-json\/wp\/v2\/pages\/1440","targetHints":{"allow":["GET"]}}],"collection":[{"href":"https:\/\/urbanisme.pia.fr\/index.php\/wp-json\/wp\/v2\/pages"}],"about":[{"href":"https:\/\/urbanisme.pia.fr\/index.php\/wp-json\/wp\/v2\/types\/page"}],"author":[{"embeddable":true,"href":"https:\/\/urbanisme.pia.fr\/index.php\/wp-json\/wp\/v2\/users\/2"}],"replies":[{"embeddable":true,"href":"https:\/\/urbanisme.pia.fr\/index.php\/wp-json\/wp\/v2\/comments?post=1440"}],"version-history":[{"count":23,"href":"https:\/\/urbanisme.pia.fr\/index.php\/wp-json\/wp\/v2\/pages\/1440\/revisions"}],"predecessor-version":[{"id":1827,"href":"https:\/\/urbanisme.pia.fr\/index.php\/wp-json\/wp\/v2\/pages\/1440\/revisions\/1827"}],"wp:attachment":[{"href":"https:\/\/urbanisme.pia.fr\/index.php\/wp-json\/wp\/v2\/media?parent=1440"}],"curies":[{"name":"wp","href":"https:\/\/api.w.org\/{rel}","templated":true}]}}