{"id":1285,"date":"2023-11-30T16:37:44","date_gmt":"2023-11-30T15:37:44","guid":{"rendered":"https:\/\/urbanisme.pia.fr\/?page_id=1285"},"modified":"2025-02-06T10:17:23","modified_gmt":"2025-02-06T09:17:23","slug":"zaer","status":"publish","type":"page","link":"https:\/\/urbanisme.pia.fr\/index.php\/zaer\/","title":{"rendered":"Zones d&rsquo;Acc\u00e9l\u00e9ration des \u00c9nergies Renouvelables"},"content":{"rendered":"\n<p>La loi APER (Acc\u00e9l\u00e9ration de la Production des \u00c9nergies Renouvelables) du 10 mars 2023 pr\u00e9voit que les communes d\u00e9finissent, sur d\u00e9lib\u00e9ration du conseil municipal, des Zones d\u2019Acc\u00e9l\u00e9ration des \u00c9nergies Renouvelables (ZAER). <\/p>\n\n\n\n<p>Ces zones doivent faire l&rsquo;objet d&rsquo;une concertation qui doit permettre aux citoyens de donner leurs avis et propositions, afin d\u2019aider les \u00e9lus de Pia \u00e0 faire remonter les ZAER valid\u00e9s en conseil municipal aupr\u00e8s du r\u00e9f\u00e9rent pr\u00e9fectoral \u00e9nergies renouvelables.<\/p>\n\n\n<\/p>\n\n\n<p><\/p>\n\n\n\n<p>Les ZAER sont des zones favorables aux \u00e9nergies renouvelables ayant un potentiel sur le secteur. Les ZAER peuvent concerner toutes les \u00e9nergies renouvelables : le photovolta\u00efque, le solaire thermique, l\u2019\u00e9olien, le biogaz, la g\u00e9othermie, etc. Elles peuvent porter sur tous les types de foncier, public comme priv\u00e9.<br>Les projets situ\u00e9s ou non en ZAER seront soumis aux m\u00eames proc\u00e9dures r\u00e9glementaires, et pourront ou non par la suite \u00eatre autoris\u00e9s.<\/p>\n\n\n\n<p>L\u2019int\u00e9r\u00eat des ZAER est pour la commune de pouvoir identifier les projets qu\u2019elle souhaite voir sur son territoire. Les projets situ\u00e9s en ZAER feront l\u2019objet d\u2019avantages en termes de d\u00e9lais d\u2019instruction et de soutiens financiers. Pour les porteurs de projet, cela donne \u00e9galement un signal clair : si vous venez dans cette zone, vous venez sur un emplacement qui a \u00e9t\u00e9 coconstruit avec les acteurs locaux.<br>L\u2019\u00e9ch\u00e9ance initiale \u00e0 respecter pour identifier les ZAER est le 31 d\u00e9cembre 2023. Il ne s\u2019agit pas d\u2019une date butoir : d\u2019autres ZAER pourront \u00e9galement \u00eatre propos\u00e9es en 2024.<br><\/p>\n\n\n<\/p>\n\n\n<p>La commune de Pia lance une concertation par voie \u00e9lectronique en date du 01\/12\/2023 jusqu&rsquo;au 31\/12\/2023. La commune a \u00e9galement commenc\u00e9 \u00e0 r\u00e9fl\u00e9chir \u00e0 des premi\u00e8res propositions de ZAEnR, pr\u00e9sent\u00e9s dans le document suivant.<\/p>\n\n\n\n<div data-wp-interactive=\"core\/file\" class=\"wp-block-file\"><object data-wp-bind--hidden=\"!state.hasPdfPreview\" hidden class=\"wp-block-file__embed\" data=\"https:\/\/urbanisme.pia.fr\/wp-content\/uploads\/2023\/11\/DossierConcertationZAER.pdf\" type=\"application\/pdf\" style=\"width:100%;height:600px\" aria-label=\"Contenu embarqu\u00e9 DossierConcertationZAER.\"><\/object><a id=\"wp-block-file--media-76bc40d0-1f79-4912-ad11-974033a0f0f0\" href=\"https:\/\/urbanisme.pia.fr\/wp-content\/uploads\/2023\/11\/DossierConcertationZAER.pdf\">DossierConcertationZAER<\/a><a href=\"https:\/\/urbanisme.pia.fr\/wp-content\/uploads\/2023\/11\/DossierConcertationZAER.pdf\" class=\"wp-block-file__button wp-element-button\" download aria-describedby=\"wp-block-file--media-76bc40d0-1f79-4912-ad11-974033a0f0f0\">T\u00e9l\u00e9charger<\/a><\/div>\n\n\n\n<p><br>Les citoyens sont invit\u00e9s \u00e0 faire part de leurs avis et propositions jusqu&rsquo;au 31\/12\/2023 :<\/p>\n\n\n\n<ul class=\"wp-block-list\">\n<li>par courriel : urbanisme@pia.fr<\/li>\n\n\n\n<li>via un registre disponible en mairie aux jours et heures habituels d&rsquo;ouverture au public.<\/li>\n<\/ul>\n\n\n\n<hr class=\"wp-block-separator has-alpha-channel-opacity\"\/>\n\n\n\n<h2 class=\"wp-block-heading has-text-align-center\">Contacter le P\u00f4le \u00ab\u00a0URBANISME &amp; ENVIRONNEMENT\u00a0\u00bb<\/h2>\n\n\n\n<div class=\"wp-block-columns are-vertically-aligned-center is-layout-flex wp-container-core-columns-is-layout-28f84493 wp-block-columns-is-layout-flex\">\n<div class=\"wp-block-column is-vertically-aligned-center is-layout-flow wp-block-column-is-layout-flow\">\n<p><img decoding=\"async\" class=\"wp-image-242 aligncenter\" src=\"https:\/\/urbanisme.pia.fr\/wp-content\/uploads\/2023\/02\/Logo-sans-texte-1-300x200.jpg\" alt=\"\" width=\"150\" height=\"100\" srcset=\"https:\/\/urbanisme.pia.fr\/wp-content\/uploads\/2023\/02\/Logo-sans-texte-1-300x200.jpg 300w, https:\/\/urbanisme.pia.fr\/wp-content\/uploads\/2023\/02\/Logo-sans-texte-1-1024x683.jpg 1024w, https:\/\/urbanisme.pia.fr\/wp-content\/uploads\/2023\/02\/Logo-sans-texte-1-768x512.jpg 768w, https:\/\/urbanisme.pia.fr\/wp-content\/uploads\/2023\/02\/Logo-sans-texte-1.jpg 1200w\" sizes=\"(max-width: 150px) 100vw, 150px\" \/><\/p>\n<p style=\"text-align: center;\">18, Avenue du Mar\u00e9chal Joffre<br \/>66380 Pia<\/p>\n<p style=\"text-align: center;\">T\u00e9l. : 04 68 63 75 43<br \/>Mail : <a href=\"mailto:urbanisme@pia.fr\" target=\"_blank\" rel=\"noopener\">urbanisme@pia.fr<\/a><\/p>\n<\/div>\n\n\n\n<div class=\"wp-block-column is-vertically-aligned-center is-layout-flow wp-block-column-is-layout-flow\">\n<h5 style=\"text-align: center;\"><strong>Horaires d&rsquo;ouverture<br \/>\u00e0 l&rsquo;accueil du public :<\/strong><\/h5>\n<p style=\"text-align: center;\">Lundi : 8H30 &#8211; 12H30<br \/>Mardi : 8H30 &#8211; 12H30<br \/>Mercredi : 14H00 &#8211; 17H30<br \/>Jeudi : 8H30 &#8211; 12H30<br \/>Vendredi : 14H00 &#8211; 17H30<\/p>\n<\/div>\n\n\n\n<div class=\"wp-block-column is-vertically-aligned-center is-layout-flow wp-block-column-is-layout-flow\">\n<h5 style=\"text-align: center;\"><strong>Sur rendez-vous,<br \/><\/strong><strong>en fonction du projet :<\/strong><\/h5>\n<p style=\"text-align: center;\">Lundi : 16H00 &#8211; 17H30<br \/>Mardi : 09H00 &#8211; 12H00<br \/>Mercredi : 09H00 &#8211; 12H30<br \/>Vendredi : 09H00 &#8211; 12H00 et 14H00 &#8211; 17H30<\/p>\n\n\n\n<p style=\"text-align: center;\"><em>Les demandes de RDV sont \u00e0 formuler par mail.<\/em><\/p>\n<\/div>\n<\/div>\n","protected":false},"excerpt":{"rendered":"<p>La loi APER (Acc\u00e9l\u00e9ration de la Production des \u00c9nergies Renouvelables) du 10 mars 2023 pr\u00e9voit que les communes d\u00e9finissent, sur d\u00e9lib\u00e9ration du conseil municipal, des Zones d\u2019Acc\u00e9l\u00e9ration des \u00c9nergies Renouvelables (ZAER). Ces zones doivent faire l&rsquo;objet d&rsquo;une concertation qui doit permettre aux citoyens de donner leurs avis et propositions, afin d\u2019aider les \u00e9lus de Pia [&hellip;]<\/p>\n","protected":false},"author":2,"featured_media":0,"parent":0,"menu_order":0,"comment_status":"closed","ping_status":"closed","template":"","meta":{"footnotes":""},"class_list":["post-1285","page","type-page","status-publish","hentry"],"_links":{"self":[{"href":"https:\/\/urbanisme.pia.fr\/index.php\/wp-json\/wp\/v2\/pages\/1285","targetHints":{"allow":["GET"]}}],"collection":[{"href":"https:\/\/urbanisme.pia.fr\/index.php\/wp-json\/wp\/v2\/pages"}],"about":[{"href":"https:\/\/urbanisme.pia.fr\/index.php\/wp-json\/wp\/v2\/types\/page"}],"author":[{"embeddable":true,"href":"https:\/\/urbanisme.pia.fr\/index.php\/wp-json\/wp\/v2\/users\/2"}],"replies":[{"embeddable":true,"href":"https:\/\/urbanisme.pia.fr\/index.php\/wp-json\/wp\/v2\/comments?post=1285"}],"version-history":[{"count":7,"href":"https:\/\/urbanisme.pia.fr\/index.php\/wp-json\/wp\/v2\/pages\/1285\/revisions"}],"predecessor-version":[{"id":1775,"href":"https:\/\/urbanisme.pia.fr\/index.php\/wp-json\/wp\/v2\/pages\/1285\/revisions\/1775"}],"wp:attachment":[{"href":"https:\/\/urbanisme.pia.fr\/index.php\/wp-json\/wp\/v2\/media?parent=1285"}],"curies":[{"name":"wp","href":"https:\/\/api.w.org\/{rel}","templated":true}]}}